{"id":87,"date":"2018-10-26T08:43:02","date_gmt":"2018-10-26T08:43:02","guid":{"rendered":"http:\/\/dasgrossekleinehaus.de\/?page_id=87"},"modified":"2022-04-27T11:56:48","modified_gmt":"2022-04-27T11:56:48","slug":"ueber-uns-2","status":"publish","type":"page","link":"https:\/\/dasgrossekleinehaus.de\/?page_id=87","title":{"rendered":"\u00dcber uns"},"content":{"rendered":"<p><strong>Wir, die Mitglieder der 2018 gegr\u00fcndeten Genossenschaft Das gro\u00dfe kleine Haus, m\u00f6chten gemischt genutzte H\u00e4user in st\u00e4dtischer Umgebung bauen. Wir sind gro\u00dfe Freunde von einer dichten, bunten, urbanen, gemischten, multikulturellen, manchmal lauten und ereignisreichen Nachbarschaft. Wir m\u00f6chten als Genossenschaft gemeinsam neue Geb\u00e4ude bauen, betreiben und nutzen, in denen kreativ gearbeitet und kooperativ gewohnt wird und die mit ihrer Nachbarschaft in einen produktiven Austausch treten. <br \/><\/strong><\/p>\n<p><strong>Wir sind inzwischen mehr als 60 Genoss*innen in M\u00fcnchen und Berlin. F\u00fcr unsere ersten Projekte wollen wir uns f\u00fcr Grundst\u00fccke in M\u00fcnchen und Berlin bewerben. Daf\u00fcr suchen wir zuk\u00fcnftige Nutzer*innen und engagierte Mitstreiter*innen mit guten Ideen, wie heute Wohnen und kreatives Arbeiten kombiniert werden kann.<\/strong><\/p>\n<p><img loading=\"lazy\" decoding=\"async\" class=\"alignnone size-full wp-image-256\" src=\"https:\/\/dasgrossekleinehaus.de\/wp-content\/uploads\/2021\/07\/dgkh-fotocollage_1024px.jpg\" alt=\"\" width=\"1024\" height=\"503\" srcset=\"https:\/\/dasgrossekleinehaus.de\/wp-content\/uploads\/2021\/07\/dgkh-fotocollage_1024px.jpg 1024w, https:\/\/dasgrossekleinehaus.de\/wp-content\/uploads\/2021\/07\/dgkh-fotocollage_1024px-300x147.jpg 300w, https:\/\/dasgrossekleinehaus.de\/wp-content\/uploads\/2021\/07\/dgkh-fotocollage_1024px-768x377.jpg 768w, https:\/\/dasgrossekleinehaus.de\/wp-content\/uploads\/2021\/07\/dgkh-fotocollage_1024px-640x314.jpg 640w, https:\/\/dasgrossekleinehaus.de\/wp-content\/uploads\/2021\/07\/dgkh-fotocollage_1024px-24x12.jpg 24w, https:\/\/dasgrossekleinehaus.de\/wp-content\/uploads\/2021\/07\/dgkh-fotocollage_1024px-36x18.jpg 36w, https:\/\/dasgrossekleinehaus.de\/wp-content\/uploads\/2021\/07\/dgkh-fotocollage_1024px-48x24.jpg 48w\" sizes=\"auto, (max-width: 1024px) 100vw, 1024px\" \/><\/p>\n<p><strong>Genossenschaftsprinzip<br \/><\/strong>Das gro\u00dfe kleine Haus will seine Mitglieder langfristig mit guten, sicheren, leistbaren und sozial verantwortbaren Wohnungen und Gewerber\u00e4umen versorgen. Unsere Genossenschaft strebt ein offenes Umfeld zum Wohnen und Arbeiten mit lebendigen Begegnungsr\u00e4umen an.<\/p>\n<p><strong>Mischung<br \/><\/strong>Das gro\u00dfe kleine Haus will eine Mischung von Wohnen und Gewerbe im Geb\u00e4ude. Gewerber\u00e4ume sollen vorzugsweise von Akteur*innen aus den Bereichen Kreatives und Soziales genutzt werden. Unsere Genossenschaft will eine Mischung von unterschiedlichen Gruppen und Personen mit jeweils unterschiedlichen gesellschaftlichen und wirtschaftlichen Hintergr\u00fcnden erreichen.<\/p>\n<p><strong>Standards<br \/><\/strong>Das gro\u00dfe kleine Haus will innovative Konzepte zur Reduzierung der Baukosten einsetzen um leistbare Wohn-, Arbeits- und Gemeinschaftsr\u00e4ume zu erreichen. Im Sinne einer \u00f6kologischen Mobilit\u00e4t will unsere Genossenschaft das Fahrradfahren und die Nutzung des \u00f6ffentlichen Nahverkehrs f\u00f6rdern.<\/p>\n<p><strong>Quartiersbezug<br \/><\/strong>Das gro\u00dfe kleine Haus versteht seine H\u00e4user als vernetzten Teil der Nachbarschaft, des Quartiers, des Stadtteils und der Stadt. Sie will die Nutzungen im Erdgeschoss und die \u00dcberg\u00e4nge zwischen \u00f6ffentlichem Raum und Geb\u00e4ude besonders sorgsam gestalten. Unsere Genossenschaft verfolgt die gemeinschaftliche Umsetzung von sozialen Projekten, die einen Austausch mit der Nachbarschaft, ein teilweise \u00f6ffentliches Programm und somit einen Mehrwert f\u00fcr die Gesellschaft der Stadt schaffen.<\/p>\n\n\n<p><strong>Gr\u00fcndung<\/strong><br>Die Genossenschaft Das gro\u00dfe kleine Haus eG wurde im Jahr 2018 durch die Architekt*innen und Stadtplaner Rainer Hofmann, Julius Klaffke, Andreas Krauth, Urs Kumberger, H.P. Ritz Ritzer und Verena Schmidt gegr\u00fcndet. Aus langj\u00e4hriger Erfahrung im Bereich st\u00e4dtebaulicher Planungspraxis und Forschung, kooperativ entwickelten Kulturprojekten und der Erfahrung bei der Realisierung diverser Wohnungsbauprojekte in partizipativen Planungsprozessen erwuchs der Wunsch eine st\u00e4rkere st\u00e4dtische Nutzungsmischung von Wohnen und Arbeiten zu f\u00f6rdern. Daraus entstand das gemeinsame Interesse eine neue Genossenschaft aufzubauen, deren Satzungszweck der Neubau von gemischt genutzten H\u00e4usern (Gewerbe und Wohnen) ist: Das gro\u00dfe kleine Haus eG.<\/p>\n\n\n\n<figure class=\"wp-block-image is-resized\"><img loading=\"lazy\" decoding=\"async\" src=\"https:\/\/dasgrossekleinehaus.de\/wp-content\/uploads\/2018\/10\/DgkH_181102_Logo_Farbkreis_RGB.png\" alt=\"\" class=\"wp-image-98\" width=\"836\" height=\"833\" srcset=\"https:\/\/dasgrossekleinehaus.de\/wp-content\/uploads\/2018\/10\/DgkH_181102_Logo_Farbkreis_RGB.png 829w, https:\/\/dasgrossekleinehaus.de\/wp-content\/uploads\/2018\/10\/DgkH_181102_Logo_Farbkreis_RGB-150x150.png 150w, https:\/\/dasgrossekleinehaus.de\/wp-content\/uploads\/2018\/10\/DgkH_181102_Logo_Farbkreis_RGB-300x300.png 300w, https:\/\/dasgrossekleinehaus.de\/wp-content\/uploads\/2018\/10\/DgkH_181102_Logo_Farbkreis_RGB-768x766.png 768w, https:\/\/dasgrossekleinehaus.de\/wp-content\/uploads\/2018\/10\/DgkH_181102_Logo_Farbkreis_RGB-640x638.png 640w\" sizes=\"auto, (max-width: 836px) 100vw, 836px\" \/><\/figure>\n\n\n\n<p><strong>Pr\u00fcfverband<\/strong><\/p>\n\n\n\n<p>VDW Bayern<br>Verband bayerischer Wohnungsunternehmen<br>(Baugenossenschaften und -gesellschaften) e.V.<br>Stollbergstr. 7<br>80539 M\u00fcnchen<\/p>\n\n\n\n<p><strong>Mitgliedschaften<\/strong><\/p>\n\n\n\n<p>Das gro\u00dfe kleine Haus eG ist Mitglied bei:<\/p>\n\n\n\n<p>GIMA M\u00fcnchen eG<br><a href=\"https:\/\/www.gima-muenchen.de\/\">https:\/\/www.gima-muenchen.de\/<\/a><\/p>\n\n\n\n<p>B\u00fcndnis Junge Genossenschaften Berlin<br><a href=\"https:\/\/junge-genossenschaften.berlin\/\">https:\/\/junge-genossenschaften.berlin\/<\/a><\/p>\n","protected":false},"excerpt":{"rendered":"<p>Wir, die Mitglieder der 2018 gegr\u00fcndeten Genossenschaft Das gro\u00dfe kleine Haus, m\u00f6chten gemischt genutzte H\u00e4user in st\u00e4dtischer Umgebung bauen. Wir sind gro\u00dfe Freunde von einer dichten, bunten, urbanen, gemischten, multikulturellen, manchmal lauten und ereignisreichen Nachbarschaft. Wir m\u00f6chten als Genossenschaft gemeinsam neue Geb\u00e4ude bauen, betreiben und nutzen, in denen kreativ gearbeitet und kooperativ gewohnt wird und [&hellip;]<\/p>\n","protected":false},"author":1,"featured_media":0,"parent":0,"menu_order":1,"comment_status":"closed","ping_status":"closed","template":"","meta":{"footnotes":""},"class_list":["post-87","page","type-page","status-publish","hentry"],"_links":{"self":[{"href":"https:\/\/dasgrossekleinehaus.de\/index.php?rest_route=\/wp\/v2\/pages\/87","targetHints":{"allow":["GET"]}}],"collection":[{"href":"https:\/\/dasgrossekleinehaus.de\/index.php?rest_route=\/wp\/v2\/pages"}],"about":[{"href":"https:\/\/dasgrossekleinehaus.de\/index.php?rest_route=\/wp\/v2\/types\/page"}],"author":[{"embeddable":true,"href":"https:\/\/dasgrossekleinehaus.de\/index.php?rest_route=\/wp\/v2\/users\/1"}],"replies":[{"embeddable":true,"href":"https:\/\/dasgrossekleinehaus.de\/index.php?rest_route=%2Fwp%2Fv2%2Fcomments&post=87"}],"version-history":[{"count":17,"href":"https:\/\/dasgrossekleinehaus.de\/index.php?rest_route=\/wp\/v2\/pages\/87\/revisions"}],"predecessor-version":[{"id":291,"href":"https:\/\/dasgrossekleinehaus.de\/index.php?rest_route=\/wp\/v2\/pages\/87\/revisions\/291"}],"wp:attachment":[{"href":"https:\/\/dasgrossekleinehaus.de\/index.php?rest_route=%2Fwp%2Fv2%2Fmedia&parent=87"}],"curies":[{"name":"wp","href":"https:\/\/api.w.org\/{rel}","templated":true}]}}